{"id":585,"date":"2025-02-19T02:19:28","date_gmt":"2025-02-19T01:19:28","guid":{"rendered":"https:\/\/farmaceuticaveterinarialapaz.com\/?post_type=product&#038;p=585"},"modified":"2025-04-19T11:32:49","modified_gmt":"2025-04-19T09:32:49","slug":"diminapaz","status":"publish","type":"product","link":"https:\/\/farmaceuticaveterinarialapaz.com\/index.php\/producto\/diminapaz\/","title":{"rendered":"DIMINAPAZ"},"content":{"rendered":"","protected":false},"excerpt":{"rendered":"<p><strong>Denominaci\u00f3n de medicamento veterinario: <\/strong>Diaceturato de Diminazene, Oxitetraciclina, Antipirina, Vitamina B-12<\/p>\n<p><strong>Funci\u00f3n:<\/strong> Hemoparasiticida de amplio espectro, para el tratamiento completo contra hemopar\u00e1sitos como Anaplasma, Babesia y Tripanosoma.<\/p>\n<p>El diaceturato diminazene controla los par\u00e1sitos sangu\u00edneos; la oxitetraciclina es un antibi\u00f3tico de amplio espectro; la antipirina controla la fiebre; la vitamina B12 es un factor anti an\u00e9mico que ayuda a la recuperaci\u00f3n.<\/p>\n<p><strong>Cada 100 ml contiene: <\/strong><\/p>\n<p><strong>Oxitetraciclina Clorhidrato&#8230;. 100 mg <\/strong><\/p>\n<p><strong>Diminazene Diaceturato&#8230;&#8230;&#8230; 35 mg <\/strong><\/p>\n<p><strong>Antipirina&#8230;&#8230;&#8230;&#8230;&#8230;&#8230;&#8230;&#8230;&#8230;.. 150 mg <\/strong><\/p>\n<p><strong>Cianocobalamina&#8230;&#8230;&#8230;&#8230;&#8230;&#8230;50 mcg <\/strong><\/p>\n<p><strong>Excipientes c.s.p&#8230;&#8230;&#8230;&#8230;&#8230;&#8230;. 1 ml<\/strong><\/p>\n","protected":false},"featured_media":586,"template":"","meta":{"_et_pb_use_builder":"","_et_pb_old_content":"","_et_gb_content_width":""},"product_cat":[19],"product_tag":[],"yoast_head":"<!-- This site is optimized with the Yoast SEO plugin v22.4 - https:\/\/yoast.com\/wordpress\/plugins\/seo\/ -->\n<title>DIMINAPAZ - farmaceutica veterinaria la paz<\/title>\n<meta name=\"robots\" content=\"index, follow, max-snippet:-1, max-image-preview:large, max-video-preview:-1\" \/>\n<link rel=\"canonical\" href=\"https:\/\/farmaceuticaveterinarialapaz.com\/index.php\/producto\/diminapaz\/\" \/>\n<meta property=\"og:locale\" content=\"en_US\" \/>\n<meta property=\"og:type\" content=\"article\" \/>\n<meta property=\"og:title\" content=\"DIMINAPAZ - farmaceutica veterinaria la paz\" \/>\n<meta property=\"og:description\" content=\"Denominaci\u00f3n de medicamento veterinario: Diaceturato de Diminazene, Oxitetraciclina, Antipirina, Vitamina B-12  Funci\u00f3n: Hemoparasiticida de amplio espectro, para el tratamiento completo contra hemopar\u00e1sitos como Anaplasma, Babesia y Tripanosoma.  El diaceturato diminazene controla los par\u00e1sitos sangu\u00edneos; la oxitetraciclina es un antibi\u00f3tico de amplio espectro; la antipirina controla la fiebre; la vitamina B12 es un factor anti an\u00e9mico que ayuda a la recuperaci\u00f3n.  Cada 100 ml contiene:   Oxitetraciclina Clorhidrato.... 100 mg   Diminazene Diaceturato......... 35 mg   Antipirina............................. 150 mg   Cianocobalamina..................50 mcg   Excipientes c.s.p................... 1 ml\" \/>\n<meta property=\"og:url\" content=\"https:\/\/farmaceuticaveterinarialapaz.com\/index.php\/producto\/diminapaz\/\" \/>\n<meta property=\"og:site_name\" content=\"farmaceutica veterinaria la paz\" \/>\n<meta property=\"article:modified_time\" content=\"2025-04-19T09:32:49+00:00\" \/>\n<meta property=\"og:image\" content=\"https:\/\/farmaceuticaveterinarialapaz.com\/wp-content\/uploads\/2025\/02\/DIMINAPAZ.png\" \/>\n\t<meta property=\"og:image:width\" content=\"1080\" \/>\n\t<meta property=\"og:image:height\" content=\"1080\" \/>\n\t<meta property=\"og:image:type\" content=\"image\/png\" \/>\n<meta name=\"twitter:card\" content=\"summary_large_image\" \/>\n<meta name=\"twitter:label1\" content=\"Est. reading time\" \/>\n\t<meta name=\"twitter:data1\" content=\"1 minute\" \/>\n<script type=\"application\/ld+json\" class=\"yoast-schema-graph\">{\"@context\":\"https:\/\/schema.org\",\"@graph\":[{\"@type\":\"WebPage\",\"@id\":\"https:\/\/farmaceuticaveterinarialapaz.com\/index.php\/producto\/diminapaz\/\",\"url\":\"https:\/\/farmaceuticaveterinarialapaz.com\/index.php\/producto\/diminapaz\/\",\"name\":\"DIMINAPAZ - farmaceutica veterinaria la paz\",\"isPartOf\":{\"@id\":\"https:\/\/farmaceuticaveterinarialapaz.com\/#website\"},\"primaryImageOfPage\":{\"@id\":\"https:\/\/farmaceuticaveterinarialapaz.com\/index.php\/producto\/diminapaz\/#primaryimage\"},\"image\":{\"@id\":\"https:\/\/farmaceuticaveterinarialapaz.com\/index.php\/producto\/diminapaz\/#primaryimage\"},\"thumbnailUrl\":\"https:\/\/farmaceuticaveterinarialapaz.com\/wp-content\/uploads\/2025\/02\/DIMINAPAZ.png\",\"datePublished\":\"2025-02-19T01:19:28+00:00\",\"dateModified\":\"2025-04-19T09:32:49+00:00\",\"breadcrumb\":{\"@id\":\"https:\/\/farmaceuticaveterinarialapaz.com\/index.php\/producto\/diminapaz\/#breadcrumb\"},\"inLanguage\":\"en-US\",\"potentialAction\":[{\"@type\":\"ReadAction\",\"target\":[\"https:\/\/farmaceuticaveterinarialapaz.com\/index.php\/producto\/diminapaz\/\"]}]},{\"@type\":\"ImageObject\",\"inLanguage\":\"en-US\",\"@id\":\"https:\/\/farmaceuticaveterinarialapaz.com\/index.php\/producto\/diminapaz\/#primaryimage\",\"url\":\"https:\/\/farmaceuticaveterinarialapaz.com\/wp-content\/uploads\/2025\/02\/DIMINAPAZ.png\",\"contentUrl\":\"https:\/\/farmaceuticaveterinarialapaz.com\/wp-content\/uploads\/2025\/02\/DIMINAPAZ.png\",\"width\":1080,\"height\":1080,\"caption\":\"Diminapaz farmaceuticaveterinarialapaz\"},{\"@type\":\"BreadcrumbList\",\"@id\":\"https:\/\/farmaceuticaveterinarialapaz.com\/index.php\/producto\/diminapaz\/#breadcrumb\",\"itemListElement\":[{\"@type\":\"ListItem\",\"position\":1,\"name\":\"Home\",\"item\":\"https:\/\/farmaceuticaveterinarialapaz.com\/\"},{\"@type\":\"ListItem\",\"position\":2,\"name\":\"Tienda\",\"item\":\"https:\/\/farmaceuticaveterinarialapaz.com\/index.php\/tienda\/\"},{\"@type\":\"ListItem\",\"position\":3,\"name\":\"DIMINAPAZ\"}]},{\"@type\":\"WebSite\",\"@id\":\"https:\/\/farmaceuticaveterinarialapaz.com\/#website\",\"url\":\"https:\/\/farmaceuticaveterinarialapaz.com\/\",\"name\":\"farmaceutica veterinaria la paz\",\"description\":\"\",\"potentialAction\":[{\"@type\":\"SearchAction\",\"target\":{\"@type\":\"EntryPoint\",\"urlTemplate\":\"https:\/\/farmaceuticaveterinarialapaz.com\/?s={search_term_string}\"},\"query-input\":\"required name=search_term_string\"}],\"inLanguage\":\"en-US\"}]}<\/script>\n<!-- \/ Yoast SEO plugin. -->","yoast_head_json":{"title":"DIMINAPAZ - farmaceutica veterinaria la paz","robots":{"index":"index","follow":"follow","max-snippet":"max-snippet:-1","max-image-preview":"max-image-preview:large","max-video-preview":"max-video-preview:-1"},"canonical":"https:\/\/farmaceuticaveterinarialapaz.com\/index.php\/producto\/diminapaz\/","og_locale":"en_US","og_type":"article","og_title":"DIMINAPAZ - farmaceutica veterinaria la paz","og_description":"Denominaci\u00f3n de medicamento veterinario: Diaceturato de Diminazene, Oxitetraciclina, Antipirina, Vitamina B-12  Funci\u00f3n: Hemoparasiticida de amplio espectro, para el tratamiento completo contra hemopar\u00e1sitos como Anaplasma, Babesia y Tripanosoma.  El diaceturato diminazene controla los par\u00e1sitos sangu\u00edneos; la oxitetraciclina es un antibi\u00f3tico de amplio espectro; la antipirina controla la fiebre; la vitamina B12 es un factor anti an\u00e9mico que ayuda a la recuperaci\u00f3n.  Cada 100 ml contiene:   Oxitetraciclina Clorhidrato.... 100 mg   Diminazene Diaceturato......... 35 mg   Antipirina............................. 150 mg   Cianocobalamina..................50 mcg   Excipientes c.s.p................... 1 ml","og_url":"https:\/\/farmaceuticaveterinarialapaz.com\/index.php\/producto\/diminapaz\/","og_site_name":"farmaceutica veterinaria la paz","article_modified_time":"2025-04-19T09:32:49+00:00","og_image":[{"width":1080,"height":1080,"url":"https:\/\/farmaceuticaveterinarialapaz.com\/wp-content\/uploads\/2025\/02\/DIMINAPAZ.png","type":"image\/png"}],"twitter_card":"summary_large_image","twitter_misc":{"Est. reading time":"1 minute"},"schema":{"@context":"https:\/\/schema.org","@graph":[{"@type":"WebPage","@id":"https:\/\/farmaceuticaveterinarialapaz.com\/index.php\/producto\/diminapaz\/","url":"https:\/\/farmaceuticaveterinarialapaz.com\/index.php\/producto\/diminapaz\/","name":"DIMINAPAZ - farmaceutica veterinaria la paz","isPartOf":{"@id":"https:\/\/farmaceuticaveterinarialapaz.com\/#website"},"primaryImageOfPage":{"@id":"https:\/\/farmaceuticaveterinarialapaz.com\/index.php\/producto\/diminapaz\/#primaryimage"},"image":{"@id":"https:\/\/farmaceuticaveterinarialapaz.com\/index.php\/producto\/diminapaz\/#primaryimage"},"thumbnailUrl":"https:\/\/farmaceuticaveterinarialapaz.com\/wp-content\/uploads\/2025\/02\/DIMINAPAZ.png","datePublished":"2025-02-19T01:19:28+00:00","dateModified":"2025-04-19T09:32:49+00:00","breadcrumb":{"@id":"https:\/\/farmaceuticaveterinarialapaz.com\/index.php\/producto\/diminapaz\/#breadcrumb"},"inLanguage":"en-US","potentialAction":[{"@type":"ReadAction","target":["https:\/\/farmaceuticaveterinarialapaz.com\/index.php\/producto\/diminapaz\/"]}]},{"@type":"ImageObject","inLanguage":"en-US","@id":"https:\/\/farmaceuticaveterinarialapaz.com\/index.php\/producto\/diminapaz\/#primaryimage","url":"https:\/\/farmaceuticaveterinarialapaz.com\/wp-content\/uploads\/2025\/02\/DIMINAPAZ.png","contentUrl":"https:\/\/farmaceuticaveterinarialapaz.com\/wp-content\/uploads\/2025\/02\/DIMINAPAZ.png","width":1080,"height":1080,"caption":"Diminapaz farmaceuticaveterinarialapaz"},{"@type":"BreadcrumbList","@id":"https:\/\/farmaceuticaveterinarialapaz.com\/index.php\/producto\/diminapaz\/#breadcrumb","itemListElement":[{"@type":"ListItem","position":1,"name":"Home","item":"https:\/\/farmaceuticaveterinarialapaz.com\/"},{"@type":"ListItem","position":2,"name":"Tienda","item":"https:\/\/farmaceuticaveterinarialapaz.com\/index.php\/tienda\/"},{"@type":"ListItem","position":3,"name":"DIMINAPAZ"}]},{"@type":"WebSite","@id":"https:\/\/farmaceuticaveterinarialapaz.com\/#website","url":"https:\/\/farmaceuticaveterinarialapaz.com\/","name":"farmaceutica veterinaria la paz","description":"","potentialAction":[{"@type":"SearchAction","target":{"@type":"EntryPoint","urlTemplate":"https:\/\/farmaceuticaveterinarialapaz.com\/?s={search_term_string}"},"query-input":"required name=search_term_string"}],"inLanguage":"en-US"}]}},"_links":{"self":[{"href":"https:\/\/farmaceuticaveterinarialapaz.com\/index.php\/wp-json\/wp\/v2\/product\/585"}],"collection":[{"href":"https:\/\/farmaceuticaveterinarialapaz.com\/index.php\/wp-json\/wp\/v2\/product"}],"about":[{"href":"https:\/\/farmaceuticaveterinarialapaz.com\/index.php\/wp-json\/wp\/v2\/types\/product"}],"wp:featuredmedia":[{"embeddable":true,"href":"https:\/\/farmaceuticaveterinarialapaz.com\/index.php\/wp-json\/wp\/v2\/media\/586"}],"wp:attachment":[{"href":"https:\/\/farmaceuticaveterinarialapaz.com\/index.php\/wp-json\/wp\/v2\/media?parent=585"}],"wp:term":[{"taxonomy":"product_cat","embeddable":true,"href":"https:\/\/farmaceuticaveterinarialapaz.com\/index.php\/wp-json\/wp\/v2\/product_cat?post=585"},{"taxonomy":"product_tag","embeddable":true,"href":"https:\/\/farmaceuticaveterinarialapaz.com\/index.php\/wp-json\/wp\/v2\/product_tag?post=585"}],"curies":[{"name":"wp","href":"https:\/\/api.w.org\/{rel}","templated":true}]}}