{"id":273,"date":"2024-04-15T14:56:04","date_gmt":"2024-04-15T12:56:04","guid":{"rendered":"https:\/\/farmaceuticaveterinarialapaz.com\/?post_type=product&#038;p=273"},"modified":"2025-11-21T20:18:19","modified_gmt":"2025-11-21T19:18:19","slug":"iverpremium","status":"publish","type":"product","link":"https:\/\/farmaceuticaveterinarialapaz.com\/index.php\/producto\/iverpremium\/","title":{"rendered":"IVERPREMIUM"},"content":{"rendered":"","protected":false},"excerpt":{"rendered":"<p><strong>Denominaci\u00f3n de medicamento veterinario:\u00a0<\/strong>Ivermectina al 3.15% + A, D3, E.<\/p>\n<p><strong>Funci\u00f3n:<\/strong> Es un desparasitante de acci\u00f3n sostenida vitaminada para Bovinos, Porcinos, Ovinos y Caprinos. Combate par\u00e1sitos internos y externos. Est\u00e1 formulado especialmente con veh\u00edculos OLEOSOS que permiten obtener una acci\u00f3n sostenida y eficaz. La presencia de tres vitaminas liposolubles indispensables para el crecimiento, desarrollo y producci\u00f3n, sumada a la larga acci\u00f3n del producto, facilitan el manejo de los animales y reducen los movimientos del ganado al alargar el per\u00edodo entre tratamientos y el siguiente.<\/p>\n<p>El IVERPREMIUM act\u00faa contra una gran variedad de nematodos y ectopar\u00e1sitos. La asociaci\u00f3n de Ivermectina con vitaminas A, D3, E, ayuda al mantenimiento basal y funcional del organismo animal, incorporando elementos necesarios para ello que generalmente son desbalanceados por el da\u00f1o parasitario.<\/p>\n<p><strong>Composici\u00f3n garantizada:<\/strong><\/p>\n<p>cada 100 ml contiene:<\/p>\n<p>Ivermectina \u2026\u2026\u2026\u2026\u2026\u2026\u2026\u2026\u2026\u2026\u2026\u2026\u2026\u2026\u2026 3.150 mg<br \/>\nVitamina A\u2026\u2026\u2026\u2026\u2026\u2026\u2026\u2026\u2026\u2026\u2026\u2026\u2026.15.000.000 UI<br \/>\nVitamina D3\u2026\u2026\u2026\u2026\u2026\u2026\u2026\u2026\u2026\u2026\u2026\u2026\u20262.250.000 UI<br \/>\nVitamina E\u2026\u2026\u2026\u2026\u2026\u2026\u2026\u2026\u2026\u2026\u2026\u2026\u2026\u2026\u2026\u2026.2.000 UI<br \/>\nVeh\u00edculo ..\u2026\u2026\u2026\u2026\u2026\u2026\u2026\u2026\u2026\u2026\u2026\u2026\u2026\u2026.c.s.p. 100 ml<\/p>\n","protected":false},"featured_media":558,"template":"","meta":{"_et_pb_use_builder":"","_et_pb_old_content":"","_et_gb_content_width":""},"product_cat":[23,19],"product_tag":[],"yoast_head":"<!-- This site is optimized with the Yoast SEO plugin v22.4 - https:\/\/yoast.com\/wordpress\/plugins\/seo\/ -->\n<title>IVERPREMIUM - farmaceutica veterinaria la paz<\/title>\n<meta name=\"robots\" content=\"index, follow, max-snippet:-1, max-image-preview:large, max-video-preview:-1\" \/>\n<link rel=\"canonical\" href=\"https:\/\/farmaceuticaveterinarialapaz.com\/index.php\/producto\/iverpremium\/\" \/>\n<meta property=\"og:locale\" content=\"en_US\" \/>\n<meta property=\"og:type\" content=\"article\" \/>\n<meta property=\"og:title\" content=\"IVERPREMIUM - farmaceutica veterinaria la paz\" \/>\n<meta property=\"og:description\" content=\"Denominaci\u00f3n de medicamento veterinario:\u00a0Ivermectina al 3.15% + A, D3, E.  Funci\u00f3n: Es un desparasitante de acci\u00f3n sostenida vitaminada para Bovinos, Porcinos, Ovinos y Caprinos. Combate par\u00e1sitos internos y externos. Est\u00e1 formulado especialmente con veh\u00edculos OLEOSOS que permiten obtener una acci\u00f3n sostenida y eficaz. La presencia de tres vitaminas liposolubles indispensables para el crecimiento, desarrollo y producci\u00f3n, sumada a la larga acci\u00f3n del producto, facilitan el manejo de los animales y reducen los movimientos del ganado al alargar el per\u00edodo entre tratamientos y el siguiente.  El IVERPREMIUM act\u00faa contra una gran variedad de nematodos y ectopar\u00e1sitos. La asociaci\u00f3n de Ivermectina con vitaminas A, D3, E, ayuda al mantenimiento basal y funcional del organismo animal, incorporando elementos necesarios para ello que generalmente son desbalanceados por el da\u00f1o parasitario.  Composici\u00f3n garantizada:  cada 100 ml contiene:  Ivermectina \u2026\u2026\u2026\u2026\u2026\u2026\u2026\u2026\u2026\u2026\u2026\u2026\u2026\u2026\u2026 3.150 mg Vitamina A\u2026\u2026\u2026\u2026\u2026\u2026\u2026\u2026\u2026\u2026\u2026\u2026\u2026.15.000.000 UI Vitamina D3\u2026\u2026\u2026\u2026\u2026\u2026\u2026\u2026\u2026\u2026\u2026\u2026\u20262.250.000 UI Vitamina E\u2026\u2026\u2026\u2026\u2026\u2026\u2026\u2026\u2026\u2026\u2026\u2026\u2026\u2026\u2026\u2026.2.000 UI Veh\u00edculo ..\u2026\u2026\u2026\u2026\u2026\u2026\u2026\u2026\u2026\u2026\u2026\u2026\u2026\u2026.c.s.p. 100 ml\" \/>\n<meta property=\"og:url\" content=\"https:\/\/farmaceuticaveterinarialapaz.com\/index.php\/producto\/iverpremium\/\" \/>\n<meta property=\"og:site_name\" content=\"farmaceutica veterinaria la paz\" \/>\n<meta property=\"article:modified_time\" content=\"2025-11-21T19:18:19+00:00\" \/>\n<meta property=\"og:image\" content=\"https:\/\/farmaceuticaveterinarialapaz.com\/wp-content\/uploads\/2025\/02\/IVERPREMIUM.png\" \/>\n\t<meta property=\"og:image:width\" content=\"1080\" \/>\n\t<meta property=\"og:image:height\" content=\"1080\" \/>\n\t<meta property=\"og:image:type\" content=\"image\/png\" \/>\n<meta name=\"twitter:card\" content=\"summary_large_image\" \/>\n<meta name=\"twitter:label1\" content=\"Est. reading time\" \/>\n\t<meta name=\"twitter:data1\" content=\"1 minute\" \/>\n<script type=\"application\/ld+json\" class=\"yoast-schema-graph\">{\"@context\":\"https:\/\/schema.org\",\"@graph\":[{\"@type\":\"WebPage\",\"@id\":\"https:\/\/farmaceuticaveterinarialapaz.com\/index.php\/producto\/iverpremium\/\",\"url\":\"https:\/\/farmaceuticaveterinarialapaz.com\/index.php\/producto\/iverpremium\/\",\"name\":\"IVERPREMIUM - farmaceutica veterinaria la paz\",\"isPartOf\":{\"@id\":\"https:\/\/farmaceuticaveterinarialapaz.com\/#website\"},\"primaryImageOfPage\":{\"@id\":\"https:\/\/farmaceuticaveterinarialapaz.com\/index.php\/producto\/iverpremium\/#primaryimage\"},\"image\":{\"@id\":\"https:\/\/farmaceuticaveterinarialapaz.com\/index.php\/producto\/iverpremium\/#primaryimage\"},\"thumbnailUrl\":\"https:\/\/farmaceuticaveterinarialapaz.com\/wp-content\/uploads\/2025\/02\/IVERPREMIUM.png\",\"datePublished\":\"2024-04-15T12:56:04+00:00\",\"dateModified\":\"2025-11-21T19:18:19+00:00\",\"breadcrumb\":{\"@id\":\"https:\/\/farmaceuticaveterinarialapaz.com\/index.php\/producto\/iverpremium\/#breadcrumb\"},\"inLanguage\":\"en-US\",\"potentialAction\":[{\"@type\":\"ReadAction\",\"target\":[\"https:\/\/farmaceuticaveterinarialapaz.com\/index.php\/producto\/iverpremium\/\"]}]},{\"@type\":\"ImageObject\",\"inLanguage\":\"en-US\",\"@id\":\"https:\/\/farmaceuticaveterinarialapaz.com\/index.php\/producto\/iverpremium\/#primaryimage\",\"url\":\"https:\/\/farmaceuticaveterinarialapaz.com\/wp-content\/uploads\/2025\/02\/IVERPREMIUM.png\",\"contentUrl\":\"https:\/\/farmaceuticaveterinarialapaz.com\/wp-content\/uploads\/2025\/02\/IVERPREMIUM.png\",\"width\":1080,\"height\":1080,\"caption\":\"Iverpremium farmaceuticaveterinarialapaz\"},{\"@type\":\"BreadcrumbList\",\"@id\":\"https:\/\/farmaceuticaveterinarialapaz.com\/index.php\/producto\/iverpremium\/#breadcrumb\",\"itemListElement\":[{\"@type\":\"ListItem\",\"position\":1,\"name\":\"Home\",\"item\":\"https:\/\/farmaceuticaveterinarialapaz.com\/\"},{\"@type\":\"ListItem\",\"position\":2,\"name\":\"Tienda\",\"item\":\"https:\/\/farmaceuticaveterinarialapaz.com\/index.php\/tienda\/\"},{\"@type\":\"ListItem\",\"position\":3,\"name\":\"IVERPREMIUM\"}]},{\"@type\":\"WebSite\",\"@id\":\"https:\/\/farmaceuticaveterinarialapaz.com\/#website\",\"url\":\"https:\/\/farmaceuticaveterinarialapaz.com\/\",\"name\":\"farmaceutica veterinaria la paz\",\"description\":\"\",\"potentialAction\":[{\"@type\":\"SearchAction\",\"target\":{\"@type\":\"EntryPoint\",\"urlTemplate\":\"https:\/\/farmaceuticaveterinarialapaz.com\/?s={search_term_string}\"},\"query-input\":\"required name=search_term_string\"}],\"inLanguage\":\"en-US\"}]}<\/script>\n<!-- \/ Yoast SEO plugin. -->","yoast_head_json":{"title":"IVERPREMIUM - farmaceutica veterinaria la paz","robots":{"index":"index","follow":"follow","max-snippet":"max-snippet:-1","max-image-preview":"max-image-preview:large","max-video-preview":"max-video-preview:-1"},"canonical":"https:\/\/farmaceuticaveterinarialapaz.com\/index.php\/producto\/iverpremium\/","og_locale":"en_US","og_type":"article","og_title":"IVERPREMIUM - farmaceutica veterinaria la paz","og_description":"Denominaci\u00f3n de medicamento veterinario:\u00a0Ivermectina al 3.15% + A, D3, E.  Funci\u00f3n: Es un desparasitante de acci\u00f3n sostenida vitaminada para Bovinos, Porcinos, Ovinos y Caprinos. Combate par\u00e1sitos internos y externos. Est\u00e1 formulado especialmente con veh\u00edculos OLEOSOS que permiten obtener una acci\u00f3n sostenida y eficaz. La presencia de tres vitaminas liposolubles indispensables para el crecimiento, desarrollo y producci\u00f3n, sumada a la larga acci\u00f3n del producto, facilitan el manejo de los animales y reducen los movimientos del ganado al alargar el per\u00edodo entre tratamientos y el siguiente.  El IVERPREMIUM act\u00faa contra una gran variedad de nematodos y ectopar\u00e1sitos. La asociaci\u00f3n de Ivermectina con vitaminas A, D3, E, ayuda al mantenimiento basal y funcional del organismo animal, incorporando elementos necesarios para ello que generalmente son desbalanceados por el da\u00f1o parasitario.  Composici\u00f3n garantizada:  cada 100 ml contiene:  Ivermectina \u2026\u2026\u2026\u2026\u2026\u2026\u2026\u2026\u2026\u2026\u2026\u2026\u2026\u2026\u2026 3.150 mg Vitamina A\u2026\u2026\u2026\u2026\u2026\u2026\u2026\u2026\u2026\u2026\u2026\u2026\u2026.15.000.000 UI Vitamina D3\u2026\u2026\u2026\u2026\u2026\u2026\u2026\u2026\u2026\u2026\u2026\u2026\u20262.250.000 UI Vitamina E\u2026\u2026\u2026\u2026\u2026\u2026\u2026\u2026\u2026\u2026\u2026\u2026\u2026\u2026\u2026\u2026.2.000 UI Veh\u00edculo ..\u2026\u2026\u2026\u2026\u2026\u2026\u2026\u2026\u2026\u2026\u2026\u2026\u2026\u2026.c.s.p. 100 ml","og_url":"https:\/\/farmaceuticaveterinarialapaz.com\/index.php\/producto\/iverpremium\/","og_site_name":"farmaceutica veterinaria la paz","article_modified_time":"2025-11-21T19:18:19+00:00","og_image":[{"width":1080,"height":1080,"url":"https:\/\/farmaceuticaveterinarialapaz.com\/wp-content\/uploads\/2025\/02\/IVERPREMIUM.png","type":"image\/png"}],"twitter_card":"summary_large_image","twitter_misc":{"Est. reading time":"1 minute"},"schema":{"@context":"https:\/\/schema.org","@graph":[{"@type":"WebPage","@id":"https:\/\/farmaceuticaveterinarialapaz.com\/index.php\/producto\/iverpremium\/","url":"https:\/\/farmaceuticaveterinarialapaz.com\/index.php\/producto\/iverpremium\/","name":"IVERPREMIUM - farmaceutica veterinaria la paz","isPartOf":{"@id":"https:\/\/farmaceuticaveterinarialapaz.com\/#website"},"primaryImageOfPage":{"@id":"https:\/\/farmaceuticaveterinarialapaz.com\/index.php\/producto\/iverpremium\/#primaryimage"},"image":{"@id":"https:\/\/farmaceuticaveterinarialapaz.com\/index.php\/producto\/iverpremium\/#primaryimage"},"thumbnailUrl":"https:\/\/farmaceuticaveterinarialapaz.com\/wp-content\/uploads\/2025\/02\/IVERPREMIUM.png","datePublished":"2024-04-15T12:56:04+00:00","dateModified":"2025-11-21T19:18:19+00:00","breadcrumb":{"@id":"https:\/\/farmaceuticaveterinarialapaz.com\/index.php\/producto\/iverpremium\/#breadcrumb"},"inLanguage":"en-US","potentialAction":[{"@type":"ReadAction","target":["https:\/\/farmaceuticaveterinarialapaz.com\/index.php\/producto\/iverpremium\/"]}]},{"@type":"ImageObject","inLanguage":"en-US","@id":"https:\/\/farmaceuticaveterinarialapaz.com\/index.php\/producto\/iverpremium\/#primaryimage","url":"https:\/\/farmaceuticaveterinarialapaz.com\/wp-content\/uploads\/2025\/02\/IVERPREMIUM.png","contentUrl":"https:\/\/farmaceuticaveterinarialapaz.com\/wp-content\/uploads\/2025\/02\/IVERPREMIUM.png","width":1080,"height":1080,"caption":"Iverpremium farmaceuticaveterinarialapaz"},{"@type":"BreadcrumbList","@id":"https:\/\/farmaceuticaveterinarialapaz.com\/index.php\/producto\/iverpremium\/#breadcrumb","itemListElement":[{"@type":"ListItem","position":1,"name":"Home","item":"https:\/\/farmaceuticaveterinarialapaz.com\/"},{"@type":"ListItem","position":2,"name":"Tienda","item":"https:\/\/farmaceuticaveterinarialapaz.com\/index.php\/tienda\/"},{"@type":"ListItem","position":3,"name":"IVERPREMIUM"}]},{"@type":"WebSite","@id":"https:\/\/farmaceuticaveterinarialapaz.com\/#website","url":"https:\/\/farmaceuticaveterinarialapaz.com\/","name":"farmaceutica veterinaria la paz","description":"","potentialAction":[{"@type":"SearchAction","target":{"@type":"EntryPoint","urlTemplate":"https:\/\/farmaceuticaveterinarialapaz.com\/?s={search_term_string}"},"query-input":"required name=search_term_string"}],"inLanguage":"en-US"}]}},"_links":{"self":[{"href":"https:\/\/farmaceuticaveterinarialapaz.com\/index.php\/wp-json\/wp\/v2\/product\/273"}],"collection":[{"href":"https:\/\/farmaceuticaveterinarialapaz.com\/index.php\/wp-json\/wp\/v2\/product"}],"about":[{"href":"https:\/\/farmaceuticaveterinarialapaz.com\/index.php\/wp-json\/wp\/v2\/types\/product"}],"wp:featuredmedia":[{"embeddable":true,"href":"https:\/\/farmaceuticaveterinarialapaz.com\/index.php\/wp-json\/wp\/v2\/media\/558"}],"wp:attachment":[{"href":"https:\/\/farmaceuticaveterinarialapaz.com\/index.php\/wp-json\/wp\/v2\/media?parent=273"}],"wp:term":[{"taxonomy":"product_cat","embeddable":true,"href":"https:\/\/farmaceuticaveterinarialapaz.com\/index.php\/wp-json\/wp\/v2\/product_cat?post=273"},{"taxonomy":"product_tag","embeddable":true,"href":"https:\/\/farmaceuticaveterinarialapaz.com\/index.php\/wp-json\/wp\/v2\/product_tag?post=273"}],"curies":[{"name":"wp","href":"https:\/\/api.w.org\/{rel}","templated":true}]}}